{"id":16,"date":"2019-10-16T12:17:02","date_gmt":"2019-10-16T12:17:02","guid":{"rendered":"http:\/\/advancenano.inoe.ro\/?page_id=16"},"modified":"2021-05-06T15:22:43","modified_gmt":"2021-05-06T15:22:43","slug":"scientific-results","status":"publish","type":"page","link":"https:\/\/advancenano.inoe.ro\/index.php\/scientific-results\/","title":{"rendered":"Rezultate"},"content":{"rendered":"\n<h4 class=\"wp-block-heading\"> Etapa I (2018); Proiect component 2 (materiale vitroase fosfato-teluritice) <\/h4>\n\n\n\n<ul><li>Elaborarea strategiei de fabricatie, caracterizare si testare de\nnanocompozite vitroase fosfato-teluritice pentru senzori de c\u00e2mp magnetic.<\/li><li>Au fost preparate diverse sticle\nfosfato-telurice, cu con\u021binut variabil de TeO<sub>2<\/sub>. Sticlele au fost\npreparate prin metoda neconven\u021bional\u0103 pe cale umed\u0103 \u0219i au fost supuse unor\ninvestiga\u021bii complexe (optice, structurale, magnetice \u0219i magneto-optice) \u00een\nvederea stabilirii performan\u021belor cerute de aplica\u021biile magneto-optice \u0219i a\nmecanismelor electronice raspunzatoare de acestea.&nbsp;<\/li><li>Au fost elaborate: 2 baze de date (documentare si re\u021bete de preparare),\no fi\u0219\u0103 de flux tehnologic \u0219i o fi\u0219\u0103 de produs.<\/li><\/ul>\n\n\n\n<p style=\"text-align:justify\">Baz\u0103 de date: Documentatie pentru sticle telurice: <a href=\"http:\/\/infim.ro\/wp-content\/uploads\/2018\/12\/Baza-de-date-sticle-teluritice_documentatie.pdf\">Baz\u0103 de date sticle teluritice documenta\u021bie<\/a>.  Baz\u0103 de date: Re\u021bete de preparare sticle fosfotelurice: <a href=\"http:\/\/infim.ro\/wp-content\/uploads\/2018\/12\/Baza-de-date_retete-preparare-sticle-fosfotelurice.pdf\">Baz\u0103 de date re\u021bete preparare sticle fosfotelurice<\/a>.  Fis\u0103 produs: Sticle fosfotelurice cu oxid de zinc:&nbsp;<a href=\"http:\/\/infim.ro\/wp-content\/uploads\/2018\/12\/Fisa_produs_sticle_fosfatoteluritice_cu_oxid_de_zinc.pdf\">Fi\u0219a produs sticle fosfatoteluritice cu oxid de zinc<\/a>. Fis\u0103 schem\u0103 tehnologic\u0103: Schema tehnologica pentru ob\u021binere sticle telurice: &nbsp;<a href=\"http:\/\/infim.ro\/wp-content\/uploads\/2018\/12\/Fisa-schema-flux-tehnologic-obtinere-sticle-teluritice.pdf\">Fi\u0219\u0103 schema flux tehnologic ob\u021binere sticle teluritice<\/a>.<\/p>\n\n\n\n<h4 class=\"wp-block-heading\"> Etapa II (2019); Proiect component 2 (materiale vitroase fosfato-teluritice) <\/h4>\n\n\n\n<ul><li>Metoda de laborator de obtinere a materialelor nanocompozite vitroceramice fosfo-teluritice de volum, senzori de camp magnetic. Preparari de sisteme cu compozitii diverse. <\/li><li>A fost elaborata si experimentata o metoda de laborator de obtinere a materialelor vitroase de volum, fosfo-teluritice, cu continut de TiO<sub>2<\/sub>, prin metoda pe cale umeda de procesare a reactantilor, urmata de topirea si racirea topiturii.<\/li><li>A fost elaborata o tehnologie de obtinere a 3 produse imbunatatite.<\/li><li>Au fost sintetizate trei compozitii de sticle fosfo-teluritice cu continut de TiO<sub>2<\/sub>, concentratiile de TeO<sub>2<\/sub> fiind de 5 % mol, 10 % mol. si, respectiv, 15 % mol.<\/li><li>Materialele fosfo-teluritice de volum, cu continut de TiO<sub>2<\/sub>, senzori de camp magnetic, au fost caracterizate optic, magnetic si magneto-optic.<\/li><li>A fost elaborata o baza date (proprietati magnetice si magneto-optice ale materialele fosfo-teluritice de volum, cu continut de TiO<sub>2<\/sub>) si o fisa de produse.<\/li><\/ul>\n\n\n\n<h4 class=\"wp-block-heading\">Etapa III (2020); Proiect component 2 (materiale vitroase fosfato-teluritice) <\/h4>\n\n\n\n<ul><li>Metoda de laborator de obtinere a materialelor nanocompozite vitroceramice fosfoteluritice senzori de camp magnetic (MNVFSCM), cu parametri optimizati. Caracterizarea optica, structurala, magnetica si magneto-optica a MNVFSCM, cu parametri optimizati. Optimizarea si validarea retetelor compozitionale.<\/li><li>A fost elaborata si experimentata o metoda de laborator de obtinere a sticlelor alumino-fosfo-teluritica cu continut de ZnO (35 % mol.), o compozitie de sticla alumino-fosfo-teluritica cu continut de ZrO<sub>2<\/sub>\u00a0(1 % mol.)si o compozitie de sticla alumino-fosfato-teluritica cu continut de Nb<sub>2<\/sub>O<sub>5<\/sub> (5 % mol.).<\/li><li>Au fost elaborate si experimentate trei retete compozitionale noi de sticle alumino-fosfato-teluritice. <\/li><li>Au fost sintetizate trei produse noi cu posibilitate de transfer la operator economic.<\/li><li>A fost elaborata o cerere de brevet.<\/li><li>Materialele fosfato-teluritice de volum, cu continut de ZnO, ZrO<sub>2<\/sub> si, respectiv, Nb<sub>2<\/sub>O<sub>5<\/sub>, senzori de camp magnetic, au fost caracterizate optic, magnetic si magneto-optic.<\/li><\/ul>\n\n\n\n<h4 class=\"wp-block-heading\">Etapa IV (2021); Proiect component 2 (materiale vitroase fosfato-teluritice) <\/h4>\n\n\n\n<ul><li>In cadrul Etapei IV\/2021, au fost sintetizate si caracterizate termic, chimic, structural, magnetic si magneto-optic, sticle fosfoteluritice care contin ZnO, Nb<sub>2<\/sub>O<sub>5<\/sub> si, respectiv, ZrO<sub>2<\/sub>, cu aplicatie pentru rotatori Faraday.<\/li><li>Participare la Workshop final (<a href=\"https:\/\/infim.ro\/workshop-pccdi47\/\">https:\/\/infim.ro\/workshop-pccdi47\/<\/a>) in care au fost prezentate principalele rezultate obtinute pe parcursul derularii proiectului AdvanceNano, in legatura cu materialele vitroase fosfo-teluritice care contin, ZnO, TiO<sub>2<\/sub>, Nb<sub>2<\/sub>O<sub>5<\/sub> si, respectiv, ZrO<sub>2<\/sub>.<\/li><li>A fost actualizata pagina de web a proiectului Advance Nano, site INOE 2000.<\/li><\/ul>\n","protected":false},"excerpt":{"rendered":"<p>Etapa I (2018); Proiect component 2 (materiale vitroase fosfato-teluritice) Elaborarea strategiei de fabricatie, caracterizare si testare de nanocompozite vitroase fosfato-teluritice pentru senzori de c\u00e2mp magnetic. Au fost preparate diverse sticle fosfato-telurice, cu con\u021binut variabil de TeO2. Sticlele au fost preparate prin metoda neconven\u021bional\u0103 pe cale umed\u0103 \u0219i au fost supuse unor investiga\u021bii complexe (optice, structurale, &hellip; <\/p>\n<p class=\"link-more\"><a href=\"https:\/\/advancenano.inoe.ro\/index.php\/scientific-results\/\" class=\"more-link\">Continu\u0103 lectura<span class=\"screen-reader-text\"> \u201eRezultate\u201d<\/span><\/a><\/p>\n","protected":false},"author":1,"featured_media":0,"parent":0,"menu_order":0,"comment_status":"closed","ping_status":"closed","template":"","meta":{"footnotes":""},"_links":{"self":[{"href":"https:\/\/advancenano.inoe.ro\/index.php\/wp-json\/wp\/v2\/pages\/16"}],"collection":[{"href":"https:\/\/advancenano.inoe.ro\/index.php\/wp-json\/wp\/v2\/pages"}],"about":[{"href":"https:\/\/advancenano.inoe.ro\/index.php\/wp-json\/wp\/v2\/types\/page"}],"author":[{"embeddable":true,"href":"https:\/\/advancenano.inoe.ro\/index.php\/wp-json\/wp\/v2\/users\/1"}],"replies":[{"embeddable":true,"href":"https:\/\/advancenano.inoe.ro\/index.php\/wp-json\/wp\/v2\/comments?post=16"}],"version-history":[{"count":18,"href":"https:\/\/advancenano.inoe.ro\/index.php\/wp-json\/wp\/v2\/pages\/16\/revisions"}],"predecessor-version":[{"id":65,"href":"https:\/\/advancenano.inoe.ro\/index.php\/wp-json\/wp\/v2\/pages\/16\/revisions\/65"}],"wp:attachment":[{"href":"https:\/\/advancenano.inoe.ro\/index.php\/wp-json\/wp\/v2\/media?parent=16"}],"curies":[{"name":"wp","href":"https:\/\/api.w.org\/{rel}","templated":true}]}}